f 11 and t?
11
Let a(m) = -40*m - 1958. Let i be a(-63). Calculate the greatest common divisor of 6 and i.
2
Let q be 8/(-4) - (14 - 174). Let c = q - 140. Calculate the highest common divisor of 18 and c.
18
Suppose -80*l + 5*l + 254925 = 0. What is the highest common divisor of l and 33?
33
Let g = 107 - 104. Suppose g*s - 2*j - 301 = -j, 4*s + 2*j = 418. What is the greatest common divisor of 6 and s?
6
Let m be (30/(-4))/(2/(-12)). Let q(i) = i**3 - 29*i**2 + 215*i - 16. Let z be q(13). Calculate the greatest common divisor of z and m.
15
Let v = -27 - -30. Let h(i) = -v*i + 5*i**3 + 7*i**2 - 6*i**3 + 3*i + 4*i. Let s be h(7). Calculate the greatest common factor of 112 and s.
28
Let p be (105/(-2))/(46/(-92)). Let c(b) = 2*b**2 + 21*b + 5. Let o be c(-15). Calculate the greatest common divisor of o and p.
35
Suppose -168*o - 4*s = -167*o - 8, -2*s - 216 = -5*o. Suppose 3 = 3*v + 2*r - 10, -2*v - r = -9. What is the highest common divisor of v and o?
5
Suppose -172*d = -225*d + 8215. Calculate the greatest common factor of d and 248.
31
Let v = 27433 - 27405. Let r(f) = f**3 + 7*f**2 - 6*f - 7. Let u be r(-7). What is the greatest common factor of u and v?
7
Let h = -20229 - -20237. Let q = 7 + -3. Suppose 4*m = -5*j + 1 + 51, h = 3*m - q*j. Calculate the greatest common divisor of 52 and m.
4
Let q = 21409 + -21385. Let p be 48/9*(7 - 1). Calculate the highest common factor of q and p.
8
Suppose -2*b + 16 = -32. Let m be (2*(0 + -4))/((-87)/(-45) + -2). Calculate the greatest common divisor of b and m.
24
Let w be 6/(-21) + (-5)/((-210)/(-156)). Let c be 4800/175 - w/7. Calculate the highest common factor of 70 and c.
14
Let d(p) = 2*p**2 + 91*p + 820. Let f be d(-36). What is the highest common factor of 744 and f?
8
Let i(n) = 2*n**3 - 26*n**2 + 26*n - 10. Let p be i(12). Calculate the highest common factor of p and 448.
14
Let v = -35 + 37. Suppose -x + 16 = 4*c, 5*c - v = x - 0. Suppose 4*r = -x, 0 = -2*m - 5*r + 189 + 81. What is the highest common divisor of 20 and m?
20
Let s = -145 - -213. Let r = -572 + 648. Let f = r - s. What is the highest common divisor of 64 and f?
8
Suppose -x + 14 = 4. Let m = 25 + 60. Suppose 5*f = -2*p + 4*p + 129, -5*p - m = -3*f. What is the greatest common divisor of f and x?
5
Suppose 2*o - 149 = -5*y + 176, -3*o = 5*y - 330. Suppose -3*s + 81 = -y. Let z = 27 - 11. What is the greatest common divisor of s and z?
16
Suppose -4*z + 9*z - 132 = -4*o, 4*z = 0. Let r be 9*o + -40 + 43. Calculate the highest common factor of r and 75.
75
Let c be ((-124)/8 - -14)/((-1)/22). Suppose 4*v - 2*v = 2*y + 26, y + 31 = 2*v. Let t be ((-1)/(-1))/(6/v). What is the highest common factor of c and t?
3
Let v = 77 + -77. Suppose 9*k - 567 = -v*k. Let i(o) = -o**3 + 3*o**2 + 5*o + 3. Let b be i(4). Calculate the highest common divisor of k and b.
7
Let y be ((-2)/36)/((-54)/108) + (-1726)/(-18). Calculate the highest common divisor of y and 17088.
96
Suppose 141*x + 112*x = 43054 + 43472. Calculate the highest common divisor of 45 and x.
9
Suppose -29*x + 986 = -12*x. Let y be 116/2 - (-116)/x. What is the greatest common factor of 24 and y?
12
Let x be (2/6)/((-9)/(-81)) + 5. Suppose -12*p + x*p - 124 = -2*s, -3*s = -4*p - 178. Calculate the greatest common factor of 81 and s.
27
Let n(x) = -x**3 + 8*x**2 + 8*x + 72. Let h be n(7). What is the greatest common factor of h and 32037?
177
Let s be 1*(-1 + 0 - -7). Suppose -2*w + s = 0, -7 = -4*h - 2*w - 21. Let t = 17 + h. What is the highest common factor of 96 and t?
12
Let m(v) = 91*v**2 - 7*v + 143. Let j be m(17). Calculate the highest common divisor of 11 and j.
11
Suppose -52*p + 310 = 258. Calculate the greatest common factor of p and 353.
1
Suppose -2*x + 146 = 4*m, -5*m - 64*x = -62*x - 185. Suppose 11*b + 23322 = 37*b. Calculate the greatest common factor of b and m.
39
Let m(v) = -20*v + 974. Let l be m(34). Calculate the highest common divisor of l and 56.
14
Suppose -5*n + 5*a + 694 = -396, -6 = -3*a. What is the greatest common factor of 340 and n?
20
Let d = 2825 + -2717. Calculate the highest common divisor of d and 44.
4
Let a(o) = 22*o**2 + 277*o - 1887. Let x be a(7). Calculate the greatest common factor of 20 and x.
10
Let a = 2797 - 624. What is the highest common divisor of a and 53?
53
Suppose -14*v = -g - 12*v - 15, -4*v - 47 = 5*g. Let q = g + 61. Calculate the greatest common factor of q and 10.
10
Let m = 18045 - 18033. What is the greatest common divisor of 402 and m?
6
Let u be (-1)/(-1 + -2) + 200/3. Suppose -199 + u = -3*s. Suppose -4*j = -2*j - 22. Calculate the highest common divisor of s and j.
11
Let u = -415 + 451. Suppose -3*t = -3, 33*v + 118 = u*v - 2*t. What is the highest common divisor of v and 90?
10
Let p = 34 - 30. Suppose -625 = -2*z + y, -5*z - p*y = -1018 - 577. What is the greatest common factor of 45 and z?
45
Suppose 15*b = 6*b + 2313. Let k = b - 243. Calculate the greatest common divisor of k and 182.
14
Let q = 1 - -1. Let j(a) = a**2 - 27*a - 87. Suppose 11 - 35 = 8*p. Let x be j(p). What is the highest common factor of x and q?
1
Let n be (4/10)/((-1)/5). Let q(m) be the first derivative of -19*m**2/2 + 6*m - 23. Let d be q(n). What is the greatest common factor of 110 and d?
22
Let q be -34 - 1 - 2/2. Suppose -r - 2*n + 18 - 97 = 0, -r - 84 = -3*n. Let z be r/q*(-40)/(-3). What is the highest common divisor of z and 50?
10
Let v(t) = 7*t**3 - 6*t**2 + 37*t - 141. Let o be v(6). Calculate the greatest common divisor of o and 170.
17
Suppose 231 = -4*f + 15*f. Suppose -f = -89*q + 82*q. Calculate the highest common divisor of 27 and q.
3
Let w(v) = 9 + 11*v + 6*v + 2*v - 2*v**2 - v. Let b be w(9). What is the greatest common factor of b and 369?
9
Let m = 249 - 247. Suppose 284 = m*n - 3*l, 0*n - n - 3*l + 124 = 0. Calculate the greatest common factor of 102 and n.
34
Let x be 252/54*(-6)/(-7). Let l be (-14)/(-2) - (x - (-6 + 7)). Calculate the greatest common factor of l and 128.
4
Suppose 552 + 48245 + 5323 = 410*i. Calculate the greatest common divisor of 228 and i.
12
Let k = 13 - -6. Let f = 94541 + -94047. What is the greatest common factor of f and k?
19
Suppose 24*p - 328 - 549 = 203. What is the greatest common divisor of p and 55?
5
Let q = 537 + -137. Suppose -5*s = -13*s + q. What is the greatest common factor of 350 and s?
50
Suppose -7 = 3*f - 115. Let n be 2/(-3)*(524 + 16)/10. Let u be n/5*180/(-48). Calculate the highest common factor of f and u.
9
Suppose -4*l = 4*u - 28, 4*l - 6*u + 4*u - 4 = 0. Suppose 286 = 2*m - 4*b, 17*m + l*b = 16*m + 118. What is the greatest common factor of m and 57?
19
Suppose -2*s = w - 0*w + 148, -2*w - 302 = 2*s. Let b = -136 - w. What is the greatest common divisor of b and 162?
18
Let x be 54/10 + 22/(-55) - 109. Let c = x - -134. Calculate the highest common factor of 435 and c.
15
Suppose 3*c + 18 = 0, -i = 3*i - c - 214. Calculate the highest common factor of i and 1690.
26
Suppose 57*b - 91*b + 2312 = 0. Calculate the greatest common factor of 1700 and b.
68
Let s(m) = -m**3 + 4*m**2 + 3*m + 13. Let l be s(5). Suppose 8*n - 7*n = -2*b + 76, -n + 116 = l*b. Calculate the greatest common factor of 16 and b.
8
Suppose 0 = 5*f - 5*o + 1305, -f + 51 = 5*o + 336. Let w = f - -526. Calculate the greatest common factor of 29 and w.
29
Let f = -936 - -612. Let p = f + 379. Calculate the highest common factor of p and 770.
55
Let l be (130/20 - -6)*8. What is the highest common factor of l and 10100?
100
Suppose -52*k + 50*k - f = -749, 3*f - 392 = -k. Calculate the greatest common divisor of 51569 and k.
371
Let o(q) = -q + 18. Let j be -2 + 16 + -4 + 3. Let b be o(j). Suppose 0 = -8*t + b*t + 63. Calculate the greatest common factor of 14 and t.
7
Let b = 38 + -11. Let i(x) = -212*x - 635. Let c be i(-3). What is the highest common factor of b and c?
1
Suppose 3*p - 47069 = -66*p + 41251. Calculate the highest common factor of 30 and p.
10
Let o(j) = j**2 + 28*j - 1335. Let t be o(37). What is the highest common divisor of t and 70?
10
Let u be 60/(-7)*357/(-51). What is the highest common factor of u and 105?
15
Suppose x = -5*b - 84, b + 1 = -2*x - 23. Let k = b + 44. Let j = k - 22. Calculate the greatest common factor of j and 12.
6
Let g be (-3184)/(-200) + 1